{"id":1216,"date":"2026-01-22T02:43:08","date_gmt":"2026-01-22T02:43:08","guid":{"rendered":"https:\/\/phanbonvinhkhang.com\/?post_type=product&#038;p=1216"},"modified":"2026-01-22T06:10:09","modified_gmt":"2026-01-22T06:10:09","slug":"dam-ca-huu-co-giai-phap-tang-dau-trai-chong-rung-hieu-qua","status":"publish","type":"product","link":"https:\/\/phanbonvinhkhang.com\/index.php\/san-pham\/dam-ca-huu-co-giai-phap-tang-dau-trai-chong-rung-hieu-qua\/","title":{"rendered":"\u0110\u1ea1m C\u00e1 H\u1eefu C\u01a1 \u2013 Gi\u1ea3i Ph\u00e1p T\u0103ng \u0110\u1eadu Tr\u00e1i, Ch\u1ed1ng R\u1ee5ng Hi\u1ec7u Qu\u1ea3"},"content":{"rendered":"<p data-path-to-node=\"8\">B\u1ea1n \u0111ang t\u00ecm ki\u1ebfm m\u1ed9t d\u00f2ng s\u1ea3n ph\u1ea9m ph\u00e2n b\u00f3n h\u1eefu c\u01a1 ch\u1ee7 l\u1ef1c \u0111\u1ec3 ph\u00e1t tri\u1ec3n th\u01b0\u01a1ng hi\u1ec7u ri\u00eang? <b data-path-to-node=\"8\" data-index-in-node=\"93\">Amino \u0110\u1ea1m C\u00e1<\/b> ch\u00ednh l\u00e0 l\u1ef1a ch\u1ecdn h\u00e0ng \u0111\u1ea7u nh\u1edd hi\u1ec7u qu\u1ea3 v\u01b0\u1ee3t tr\u1ed9i tr\u00ean nhi\u1ec1u lo\u1ea1i c\u00e2y tr\u1ed3ng v\u00e0 xu h\u01b0\u1edbng canh t\u00e1c n\u00f4ng nghi\u1ec7p s\u1ea1ch hi\u1ec7n nay.<\/p>\n<p data-start=\"799\" data-end=\"1001\">Trong th\u1eddi gian qua, <strong data-start=\"820\" data-end=\"836\">Amino \u0110\u1ea1m C\u00e1<\/strong> l\u00e0 m\u1ed9t trong nh\u1eefng d\u00f2ng s\u1ea3n ph\u1ea9m \u0111\u01b0\u1ee3c c\u00e1c c\u00f4ng ty v\u00e0 \u0111\u1ea1i l\u00fd ph\u00e2n b\u00f3n \u0111\u1eb7t gia c\u00f4ng nh\u00e3n ri\u00eang nhi\u1ec1u nh\u1ea5t nh\u1edd hi\u1ec7u qu\u1ea3 nhanh, d\u1ec5 b\u00e1n v\u00e0 ph\u00f9 h\u1ee3p \u0111a d\u1ea1ng c\u00e2y tr\u1ed3ng.<\/p>\n<h2 data-start=\"799\" data-end=\"1001\">Th\u00e0nh ph\u1ea7n \u0111\u0103ng k\u00fd<\/h2>\n<p><strong>C\u00f4ng th\u1ee9c 1:<\/strong><\/p>\n<ul>\n<li>Ch\u1ea5t h\u1eefu c\u01a1: 20%;<\/li>\n<li>NP: 5,5-2%;<\/li>\n<li>T\u1ef7 l\u1ec7 C\/N: 12;<\/li>\n<li>pHH2O: 7;<\/li>\n<li>T\u1ef7 tr\u1ecdng: 1,15<\/li>\n<\/ul>\n<p><strong>C\u00f4ng th\u1ee9c 2:<\/strong><\/p>\n<ul>\n<li>Ch\u1ea5t h\u1eefu c\u01a1: 25%;<\/li>\n<li>T\u1ef7 l\u1ec7 C\/N: 5;<\/li>\n<li>pHH2O: 7,2;<\/li>\n<li>T\u1ef7 tr\u1ecdng: 1,1<\/li>\n<\/ul>\n<p><strong>C\u00f4ng th\u1ee9c 3:<\/strong><\/p>\n<ul>\n<li>Ch\u1ea5t h\u1eefu c\u01a1: 20%;<\/li>\n<li>T\u1ef7 l\u1ec7 C\/N: 12;<\/li>\n<li>pHH2O: 5;<\/li>\n<li>T\u1ef7 tr\u1ecdng: 1,2<\/li>\n<\/ul>\n<h3 data-path-to-node=\"9\">T\u1ea1i sao Amino \u0110\u1ea1m C\u00e1 l\u1ea1i &#8220;ch\u00e1y h\u00e0ng&#8221; tr\u00ean th\u1ecb tr\u01b0\u1eddng?<\/h3>\n<p data-path-to-node=\"10\">S\u1ea3n ph\u1ea9m \u0111\u01b0\u1ee3c chi\u1ebft xu\u1ea5t t\u1eeb ngu\u1ed3n c\u00e1 h\u1eefu c\u01a1 t\u1ef1 nhi\u00ean, gi\u00e0u acid amin thi\u1ebft y\u1ebfu v\u00e0 d\u01b0\u1ee1ng ch\u1ea5t d\u1ec5 h\u1ea5p thu, gi\u00fap c\u00e2y ph\u1ee5c h\u1ed3i nhanh \u2013 ph\u00e1t tri\u1ec3n m\u1ea1nh \u2013 nu\u00f4i tr\u00e1i b\u1ec1n.<\/p>\n<h3 data-start=\"1181\" data-end=\"1222\">C\u00f4ng d\u1ee5ng n\u1ed5i b\u1eadt c\u1ee7a Amino \u0110\u1ea1m C\u00e1<\/h3>\n<ul>\n<li data-start=\"1224\" data-end=\"1573\">K\u00edch r\u1ec5 \u2013 b\u1eadt \u0111\u1ecdt \u2013 bung ch\u1ed3i m\u1ea1nh<\/li>\n<li data-start=\"1224\" data-end=\"1573\">Xanh l\u00e1 nhanh, d\u00e0y l\u00e1, ch\u1eafc th\u00e2n c\u00e2y<\/li>\n<li data-start=\"1224\" data-end=\"1573\">Nh\u00fa \u0111\u1ecdt \u2013 v\u1ecdt b\u00f4ng \u2013 n\u1edf b\u1ee5i \u0111\u1ed3ng lo\u1ea1t<\/li>\n<li data-start=\"1224\" data-end=\"1573\">Gi\u1ea3m r\u1ee5ng hoa, r\u1ee5ng tr\u00e1i non r\u00f5 r\u1ec7t<\/li>\n<li data-start=\"1224\" data-end=\"1573\">T\u0103ng th\u1ee5 ph\u1ea5n \u2013 t\u0103ng \u0111\u1eadu tr\u00e1i<\/li>\n<li data-start=\"1224\" data-end=\"1573\">Nu\u00f4i tr\u00e1i to, b\u00f3ng tr\u00e1i, n\u1eb7ng k\u00fd \u2013 h\u1ea1n ch\u1ebf ngh\u1eb9n tr\u00e1i<\/li>\n<li data-start=\"1224\" data-end=\"1573\">Gi\u00fap tr\u00e1i s\u00e1ng m\u00e0u, \u0111\u1ed3ng \u0111\u1ec1u, n\u00e2ng cao gi\u00e1 tr\u1ecb th\u01b0\u01a1ng ph\u1ea9m<\/li>\n<\/ul>\n<p data-start=\"1575\" data-end=\"1680\">Ph\u00f9 h\u1ee3p cho: <strong data-start=\"1591\" data-end=\"1679\">c\u00e2y \u0103n tr\u00e1i (s\u1ea7u ri\u00eang, m\u00edt, xo\u00e0i, b\u01b0\u1edfi\u2026), rau m\u00e0u, c\u00e2y c\u00f4ng nghi\u1ec7p v\u00e0 c\u00e2y ng\u1eafn ng\u00e0y<\/strong>.<\/p>\n<h3 data-path-to-node=\"13\">D\u1ecbch v\u1ee5 gia c\u00f4ng Amino \u0110\u1ea1m C\u00e1 tr\u1ecdn g\u00f3i \u2013 Uy t\u00edn \u2013 Ch\u1ea5t l\u01b0\u1ee3ng<\/h3>\n<p data-path-to-node=\"14\">Ch\u00fang t\u00f4i t\u1ef1 h\u00e0o l\u00e0 \u0111\u1ed1i t\u00e1c chi\u1ebfn l\u01b0\u1ee3c cho c\u00e1c \u0111\u01a1n v\u1ecb mu\u1ed1n ph\u00e1t tri\u1ec3n nh\u00e3n h\u00e0ng ri\u00eang v\u1edbi ch\u00ednh s\u00e1ch h\u1ed7 tr\u1ee3 t\u1ed1i \u0111a:<\/p>\n<ol start=\"1\" data-path-to-node=\"15\">\n<li>\n<p data-path-to-node=\"15,0,0\"><em>Ch\u1ee9ng nh\u1eadn h\u1ee3p chu\u1ea9n h\u1ee3p quy.<\/em><\/p>\n<\/li>\n<li>\n<p data-path-to-node=\"15,1,0\"><em>H\u1ed3 s\u01a1 ph\u00e1p l\u00fd \u0111\u1ea7y \u0111\u1ee7:<\/em> H\u1ed7 tr\u1ee3 gi\u1ea5y ph\u00e9p l\u01b0u h\u00e0nh, m\u00e3 s\u1ed1 ph\u00e2n b\u00f3n, tem nh\u00e3n \u0111\u00fang quy \u0111\u1ecbnh ph\u00e1p lu\u1eadt.<\/p>\n<\/li>\n<li>\n<p data-path-to-node=\"15,2,0\"><em>C\u1eaft l\u00f4 linh ho\u1ea1t:<\/em> Ph\u00f9 h\u1ee3p v\u1edbi c\u1ea3 nh\u1eefng \u0111\u01a1n v\u1ecb m\u1edbi b\u1eaft \u0111\u1ea7u, quy c\u00e1ch \u0111\u00f3ng g\u00f3i \u0111a d\u1ea1ng\u00a0 theo y\u00eau c\u1ea7u.<\/p>\n<\/li>\n<li>\n<p data-path-to-node=\"15,3,0\"><em>Gi\u00e1 net t\u1eadn nh\u00e0 m\u00e1y:<\/em> \u0110\u1ea3m b\u1ea3o bi\u00ean \u0111\u1ed9 l\u1ee3i nhu\u1eadn t\u1ed1t nh\u1ea5t cho nh\u00e0 ph\u00e2n ph\u1ed1i.<\/p>\n<\/li>\n<\/ol>\n<p data-start=\"2124\" data-end=\"2139\">Ph\u00f9 h\u1ee3p cho:<\/p>\n<ul data-start=\"2140\" data-end=\"2259\">\n<li data-start=\"2140\" data-end=\"2160\">\n<p data-start=\"2142\" data-end=\"2160\">C\u00f4ng ty ph\u00e2n b\u00f3n, sale th\u1ecb tr\u01b0\u1eddng<\/p>\n<\/li>\n<li data-start=\"2161\" data-end=\"2209\">\n<p data-start=\"2163\" data-end=\"2209\">\u0110\u1ea1i l\u00fd mu\u1ed1n ph\u00e1t tri\u1ec3n th\u01b0\u01a1ng hi\u1ec7u ri\u00eang<\/p>\n<\/li>\n<li data-start=\"2210\" data-end=\"2259\">\n<p data-start=\"2212\" data-end=\"2259\">\u0110\u01a1n v\u1ecb b\u00e1n h\u00e0ng online, s\u00e0n TM\u0110T, TikTok Shop<\/p>\n<\/li>\n<\/ul>\n<h3 data-path-to-node=\"16\">Quy tr\u00ecnh h\u1ee3p t\u00e1c \u0111\u01a1n gi\u1ea3n<\/h3>\n<ul data-path-to-node=\"17\">\n<li>\n<p data-path-to-node=\"17,0,0\">B\u01b0\u1edbc 1: T\u01b0 v\u1ea5n c\u00f4ng th\u1ee9c v\u00e0 b\u00e1o gi\u00e1 theo s\u1ed1 l\u01b0\u1ee3ng, quy tr\u00ecnh l\u00ean \u0111\u01a1n \u0111\u1eb7t h\u00e0ng.<\/p>\n<\/li>\n<li>\n<p data-path-to-node=\"17,1,0\">B\u01b0\u1edbc 2: Thi\u1ebft k\u1ebf bao b\u00ec, nh\u00e3n m\u00e1c \u0111\u1ed9c quy\u1ec1n cho kh\u00e1ch h\u00e0ng.<\/p>\n<\/li>\n<li>\n<p data-path-to-node=\"17,2,0\">B\u01b0\u1edbc 3: S\u1ea3n xu\u1ea5t v\u00e0 ki\u1ec3m tra ch\u1ea5t l\u01b0\u1ee3ng nghi\u00eam ng\u1eb7t.<\/p>\n<\/li>\n<li>\n<p data-path-to-node=\"17,3,0\">B\u01b0\u1edbc 4: H\u1ed7 tr\u1ee3 li\u00ean h\u1ec7 ch\u00e0nh xe giao t\u1eadn n\u01a1i cho kh\u00e1ch.<\/p>\n<\/li>\n<li>B\u01b0\u1edbc 5: Xu\u1ea5t ho\u00e1 \u0111\u01a1n GTGT v\u00e0 g\u1eedi th\u00f4ng tin gi\u1ea5y t\u1edd li\u00ean quan.<\/li>\n<\/ul>\n<h3 data-start=\"2266\" data-end=\"2311\">Li\u00ean h\u1ec7<\/h3>\n<p data-start=\"2313\" data-end=\"2448\">Qu\u00fd c\u00f4ng ty\/\u0111\u1ea1i l\u00fd \u0111ang mu\u1ed1n ph\u00e1t tri\u1ec3n nh\u00e3n ri\u00eang d\u00f2ng Amino \u0110\u1ea1m C\u00e1, vui l\u00f2ng Inbox ho\u1eb7c li\u00ean h\u1ec7 S\u0110T <em><strong>0944 36 79 38<\/strong> <\/em>\u0111\u1ec3:<\/p>\n<p data-start=\"2450\" data-end=\"2587\">\ud83d\udccc Nh\u1eadn b\u00e1o gi\u00e1 chi ti\u1ebft.<\/p>\n<p data-start=\"2450\" data-end=\"2587\">\ud83d\udccc T\u01b0 v\u1ea5n c\u00f4ng th\u1ee9c \u2013 ph\u00e2n kh\u00fac th\u1ecb tr\u01b0\u1eddng.<\/p>\n","protected":false},"excerpt":{"rendered":"<p><b data-path-to-node=\"2,0\" data-index-in-node=\"0\">Gia c\u00f4ng Amino \u0110\u1ea1m C\u00e1 nh\u00e3n ri\u00eang \u2013 Gi\u00e1 n\u00e9t t\u1eadn nh\u00e0 m\u00e1y!<\/b><\/p>\n<p>Chi\u1ebft xu\u1ea5t h\u1eefu c\u01a1 gi\u00e0u Acid Amin gi\u00fap c\u00e2y b\u1eadt r\u1ec5, v\u1ecdt \u0111\u1ecdt, xanh l\u00e1, to tr\u00e1i.<\/p>\n<p>H\u1ed7 tr\u1ee3 tr\u1ecdn g\u00f3i. C\u1eaft l\u00f4 linh ho\u1ea1t. Li\u00ean h\u1ec7 ngay!<\/p>\n","protected":false},"featured_media":1225,"comment_status":"open","ping_status":"closed","template":"","meta":[],"product_brand":[83],"product_cat":[75],"product_tag":[97,94,104,119,122,103,95,107,108,96,113,109,112,118,121,114,116,115,101,117,100,98,106,99,105,120,102,110,111,82,80,77,93,81,78,79],"class_list":{"0":"post-1216","1":"product","2":"type-product","3":"status-publish","4":"has-post-thumbnail","6":"product_brand-vinhkhang","7":"product_cat-phan-bon","8":"product_tag-aminoaxitamin","9":"product_tag-aminodamca","10":"product_tag-batrebungchoi","11":"product_tag-cayantrai","12":"product_tag-caycongnghiep","13":"product_tag-chongrunghoarungtrai","14":"product_tag-damcahuuco","15":"product_tag-damcathuyphan","16":"product_tag-dinhduongcaytrong","17":"product_tag-giacongnhanrieng","18":"product_tag-khoinghiepphanbon","19":"product_tag-kichre","20":"product_tag-lamnhanrieng","21":"product_tag-lamvuon","22":"product_tag-lua","23":"product_tag-nguonhangphanbon","24":"product_tag-nongnghiepbenvung","25":"product_tag-nongnghiepsach","26":"product_tag-nuoitrai","27":"product_tag-organicfertilizer","28":"product_tag-phanboncayantrai","29":"product_tag-phanbongiasi","30":"product_tag-phanbonhuuco","31":"product_tag-phanbonnhamay","32":"product_tag-phanbonsaurieng","33":"product_tag-saurieng","34":"product_tag-tangdautrai","35":"product_tag-votdot","36":"product_tag-xanhla","37":"product_tag-amino","38":"product_tag-giacongphanbon","39":"product_tag-phan-bon-amino","40":"product_tag-phan-bon-huu-co","41":"product_tag-phanbon","42":"product_tag-phanbonla","43":"product_tag-phanbonviluong","45":"first","46":"instock","47":"shipping-taxable","48":"product-type-simple"},"_links":{"self":[{"href":"https:\/\/phanbonvinhkhang.com\/index.php\/wp-json\/wp\/v2\/product\/1216","targetHints":{"allow":["GET"]}}],"collection":[{"href":"https:\/\/phanbonvinhkhang.com\/index.php\/wp-json\/wp\/v2\/product"}],"about":[{"href":"https:\/\/phanbonvinhkhang.com\/index.php\/wp-json\/wp\/v2\/types\/product"}],"replies":[{"embeddable":true,"href":"https:\/\/phanbonvinhkhang.com\/index.php\/wp-json\/wp\/v2\/comments?post=1216"}],"version-history":[{"count":4,"href":"https:\/\/phanbonvinhkhang.com\/index.php\/wp-json\/wp\/v2\/product\/1216\/revisions"}],"predecessor-version":[{"id":1243,"href":"https:\/\/phanbonvinhkhang.com\/index.php\/wp-json\/wp\/v2\/product\/1216\/revisions\/1243"}],"wp:featuredmedia":[{"embeddable":true,"href":"https:\/\/phanbonvinhkhang.com\/index.php\/wp-json\/wp\/v2\/media\/1225"}],"wp:attachment":[{"href":"https:\/\/phanbonvinhkhang.com\/index.php\/wp-json\/wp\/v2\/media?parent=1216"}],"wp:term":[{"taxonomy":"product_brand","embeddable":true,"href":"https:\/\/phanbonvinhkhang.com\/index.php\/wp-json\/wp\/v2\/product_brand?post=1216"},{"taxonomy":"product_cat","embeddable":true,"href":"https:\/\/phanbonvinhkhang.com\/index.php\/wp-json\/wp\/v2\/product_cat?post=1216"},{"taxonomy":"product_tag","embeddable":true,"href":"https:\/\/phanbonvinhkhang.com\/index.php\/wp-json\/wp\/v2\/product_tag?post=1216"}],"curies":[{"name":"wp","href":"https:\/\/api.w.org\/{rel}","templated":true}]}}