{"id":1270,"date":"2026-01-26T13:04:10","date_gmt":"2026-01-26T13:04:10","guid":{"rendered":"https:\/\/phanbonvinhkhang.com\/?post_type=product&#038;p=1270"},"modified":"2026-01-26T13:04:10","modified_gmt":"2026-01-26T13:04:10","slug":"canxi-bo-giai-phap-chong-rung-sinh-ly-duong-trai-bong-dep-va-nang-ky","status":"publish","type":"product","link":"https:\/\/phanbonvinhkhang.com\/index.php\/san-pham\/canxi-bo-giai-phap-chong-rung-sinh-ly-duong-trai-bong-dep-va-nang-ky\/","title":{"rendered":"CANXI BO \u2013 GI\u1ea2I PH\u00c1P CH\u1ed0NG R\u1ee4NG SINH L\u00dd, D\u01af\u1ee0NG TR\u00c1I B\u00d3NG \u0110\u1eb8P V\u00c0 N\u1eb6NG K\u00dd"},"content":{"rendered":"<p>Giai \u0111o\u1ea1n c\u00e2y ra hoa v\u00e0 \u0111\u1eadu tr\u00e1i l\u00e0 th\u1eddi \u0111i\u1ec3m nh\u1ea1y c\u1ea3m nh\u1ea5t, quy\u1ebft \u0111\u1ecbnh tr\u1ef1c ti\u1ebfp \u0111\u1ebfn n\u0103ng su\u1ea5t c\u1ea3 v\u1ee5 m\u00f9a.<\/p>\n<p data-start=\"516\" data-end=\"748\"><strong data-start=\"516\" data-end=\"528\">Canxi Bo<\/strong> l\u00e0 d\u00f2ng dinh d\u01b0\u1ee1ng trung \u2013 vi l\u01b0\u1ee3ng chuy\u00ean d\u1ee5ng cho giai \u0111o\u1ea1n nu\u00f4i tr\u00e1i, gi\u00fap t\u0103ng k\u1ebft c\u1ea5u cu\u1ed1ng tr\u00e1i \u2013 h\u1ea1n ch\u1ebf r\u1ee5ng sinh l\u00fd \u2013 gi\u1ea3m n\u1ee9t, x\u00e9 da, \u0111\u1ed3ng th\u1eddi h\u1ed7 tr\u1ee3 tr\u00e1i l\u1edbn nhanh, b\u00f3ng s\u00e1ng t\u1ef1 nhi\u00ean v\u00e0 n\u1eb7ng k\u00fd.<\/p>\n<p data-start=\"750\" data-end=\"917\">S\u1ea3n ph\u1ea9m \u0111\u1eb7c bi\u1ec7t c\u1ea7n thi\u1ebft trong c\u00e1c giai \u0111o\u1ea1n sau \u0111\u1eadu tr\u00e1i \u2013 nu\u00f4i tr\u00e1i non \u2013 nu\u00f4i tr\u00e1i l\u1edbn, khi c\u00e2y d\u1ec5 thi\u1ebfu Canxi v\u00e0 Bo d\u1eabn \u0111\u1ebfn r\u1ee5ng tr\u00e1i, m\u00e9o tr\u00e1i ho\u1eb7c n\u1ee9t v\u1ecf.<\/p>\n<h2 data-start=\"750\" data-end=\"917\">Th\u00e0nh ph\u1ea7n \u0111\u0103ng k\u00fd<\/h2>\n<ul>\n<li><span dir=\"auto\">Canxi (Ca): 7%<\/span><\/li>\n<li><span dir=\"auto\">Bo (B): 500 ppm<\/span><\/li>\n<li><span dir=\"auto\">K\u1ebdm (Zn): 900 ppm<\/span><\/li>\n<li><span dir=\"auto\">pHH2O: 5 | T\u1ef7 tr\u1ecdng: 1.1<\/span><\/li>\n<\/ul>\n<h2>C\u00f4ng d\u1ee5ng n\u1ed5i b\u1eadt c\u1ee7a Canxi Bo<\/h2>\n<p data-start=\"1180\" data-end=\"1224\"><strong data-start=\"1182\" data-end=\"1222\">Ch\u1ed1ng r\u1ee5ng sinh l\u00fd \u2013 ch\u1eafc cu\u1ed1ng tr\u00e1i<\/strong><\/p>\n<ul data-start=\"1225\" data-end=\"1314\">\n<li data-start=\"1225\" data-end=\"1269\">\n<p data-start=\"1227\" data-end=\"1269\">T\u0103ng \u0111\u1ed9 b\u1ec1n cu\u1ed1ng, h\u1ea1n ch\u1ebf r\u1ee5ng tr\u00e1i non<\/p>\n<\/li>\n<li data-start=\"1270\" data-end=\"1314\">\n<p data-start=\"1272\" data-end=\"1314\">Gi\u1ea3m r\u1ee5ng do th\u1eddi ti\u1ebft, thi\u1ebfu dinh d\u01b0\u1ee1ng<\/p>\n<\/li>\n<\/ul>\n<p data-start=\"1316\" data-end=\"1364\"><strong data-start=\"1318\" data-end=\"1362\">Gi\u00fap tr\u00e1i l\u1edbn nhanh \u2013 b\u00f3ng \u0111\u1eb9p \u2013 n\u1eb7ng k\u00fd<\/strong><\/p>\n<ul data-start=\"1365\" data-end=\"1447\">\n<li data-start=\"1365\" data-end=\"1411\">\n<p data-start=\"1367\" data-end=\"1411\">Tr\u00e1i ph\u00e1t tri\u1ec3n \u0111\u1ed3ng \u0111\u1ec1u, t\u0103ng tr\u1ecdng l\u01b0\u1ee3ng<\/p>\n<\/li>\n<li data-start=\"1412\" data-end=\"1447\">\n<p data-start=\"1414\" data-end=\"1447\">V\u1ecf tr\u00e1i s\u00e1ng b\u00f3ng, \u0111\u1eb9p m\u00e3, d\u1ec5 b\u00e1n<\/p>\n<\/li>\n<\/ul>\n<p data-start=\"1449\" data-end=\"1492\"><strong data-start=\"1451\" data-end=\"1490\">H\u1ea1n ch\u1ebf n\u1ee9t tr\u00e1i \u2013 x\u00e9 da \u2013 m\u00e9o tr\u00e1i<\/strong><\/p>\n<ul data-start=\"1493\" data-end=\"1566\">\n<li data-start=\"1493\" data-end=\"1517\">\n<p data-start=\"1495\" data-end=\"1517\">T\u0103ng \u0111\u00e0n h\u1ed3i v\u1ecf tr\u00e1i<\/p>\n<\/li>\n<li data-start=\"1518\" data-end=\"1566\">\n<p data-start=\"1520\" data-end=\"1566\">Gi\u1ea3m n\u1ee9t, r\u1ea1n da trong giai \u0111o\u1ea1n nu\u00f4i tr\u00e1i l\u1edbn<\/p>\n<\/li>\n<\/ul>\n<p data-start=\"1568\" data-end=\"1622\"><strong data-start=\"1570\" data-end=\"1620\">T\u0103ng s\u1ee9c \u0111\u1ec1 kh\u00e1ng \u2013 gi\u1ea3m c\u1ea1nh tranh dinh d\u01b0\u1ee1ng<\/strong><\/p>\n<ul data-start=\"1623\" data-end=\"1701\">\n<li data-start=\"1623\" data-end=\"1669\">\n<p data-start=\"1625\" data-end=\"1669\">Gi\u00fap c\u00e2y kh\u1ecfe, h\u1ea5p thu dinh d\u01b0\u1ee1ng hi\u1ec7u qu\u1ea3<\/p>\n<\/li>\n<li data-start=\"1670\" data-end=\"1701\">\n<p data-start=\"1672\" data-end=\"1701\">H\u1ea1n ch\u1ebf \u0111\u1ed1i kh\u00e1ng \u2013 kh\u00f3a ph\u00e2n<\/p>\n<\/li>\n<\/ul>\n<h2 data-path-to-node=\"14\">T\u1ea1i sao n\u00ean gia c\u00f4ng Canxi Bo t\u1ea1i \u0111\u01a1n v\u1ecb ch\u00fang t\u00f4i?<\/h2>\n<p data-path-to-node=\"15\">Ch\u00fang t\u00f4i mang \u0111\u1ebfn gi\u1ea3i ph\u00e1p gia c\u00f4ng chuy\u00ean nghi\u1ec7p, gi\u00fap qu\u00fd kh\u00e1ch h\u00e0ng s\u1edf h\u1eefu nh\u00e3n h\u00e0ng ri\u00eang uy t\u00edn:<\/p>\n<ul data-path-to-node=\"16\">\n<li>\n<p data-path-to-node=\"16,0,0\"><b data-path-to-node=\"16,0,0\" data-index-in-node=\"0\">L\u00e0m nh\u00e3n ri\u00eang tr\u1ecdn g\u00f3i:<\/b> H\u1ed7 tr\u1ee3 thi\u1ebft k\u1ebf bao b\u00ec b\u1eaft m\u1eaft, sang tr\u1ecdng, mang \u0111\u1eadm b\u1ea3n s\u1eafc th\u01b0\u01a1ng hi\u1ec7u c\u1ee7a b\u1ea1n.<\/p>\n<\/li>\n<li>\n<p data-path-to-node=\"16,1,0\"><b data-path-to-node=\"16,1,0\" data-index-in-node=\"0\">Quy c\u00e1ch linh ho\u1ea1t:<\/b> \u0110\u00f3ng chai, can theo y\u00eau c\u1ea7u th\u1ef1c t\u1ebf c\u1ee7a th\u1ecb tr\u01b0\u1eddng b\u1ea1n \u0111ang ph\u00e2n ph\u1ed1i.<\/p>\n<\/li>\n<li>\n<p data-path-to-node=\"16,2,0\"><b data-path-to-node=\"16,2,0\" data-index-in-node=\"0\">Ph\u00e1p l\u00fd \u0111\u1ea7y \u0111\u1ee7:<\/b> Cung c\u1ea5p m\u1ecdi gi\u1ea5y t\u1edd ch\u1ee9ng nh\u1eadn, m\u00e3 s\u1ed1 l\u01b0u h\u00e0nh v\u00e0 k\u1ebft qu\u1ea3 ki\u1ec3m nghi\u1ec7m \u0111\u1ea1t chu\u1ea9n.<\/p>\n<\/li>\n<li>\n<p data-path-to-node=\"16,3,0\"><b data-path-to-node=\"16,3,0\" data-index-in-node=\"0\">Gi\u00e1 t\u1eadn x\u01b0\u1edfng:<\/b> \u0110\u1ea3m b\u1ea3o m\u1ee9c gi\u00e1 c\u1ea1nh tranh nh\u1ea5t \u0111\u1ec3 b\u1ea1n d\u1ec5 d\u00e0ng th\u00e2m nh\u1eadp th\u1ecb tr\u01b0\u1eddng.<\/p>\n<\/li>\n<\/ul>\n<h2>K\u1ebft lu\u1eadn<\/h2>\n<p><strong data-start=\"2239\" data-end=\"2259\">Canxi Bo cao c\u1ea5p<\/strong> l\u00e0 gi\u1ea3i ph\u00e1p kh\u00f4ng th\u1ec3 thi\u1ebfu gi\u00fap nh\u00e0 v\u01b0\u1eddn gi\u1eef tr\u00e1i \u2013 nu\u00f4i tr\u00e1i \u2013 n\u00e2ng ch\u1ea5t l\u01b0\u1ee3ng th\u01b0\u01a1ng ph\u1ea9m, h\u1ea1n ch\u1ebf r\u1ee5ng sinh l\u00fd v\u00e0 r\u1ee7i ro n\u1ee9t, x\u00e9 da trong su\u1ed1t qu\u00e1 tr\u00ecnh nu\u00f4i tr\u00e1i.<\/p>\n<h2>Li\u00ean h\u1ec7<\/h2>\n<p>B\u1ea1n c\u1ea7n ngu\u1ed3n h\u00e0ng Canxi Bo ch\u1ea5t l\u01b0\u1ee3ng cao? \u0110\u1eebng ng\u1ea7n ng\u1ea1i, h\u00e3y li\u00ean h\u1ec7 ngay v\u1edbi ch\u00fang t\u00f4i \u0111\u1ec3 \u0111\u01b0\u1ee3c t\u01b0 v\u1ea5n k\u1ef9 thu\u1eadt chuy\u00ean s\u00e2u v\u00e0 nh\u1eadn b\u00e1o gi\u00e1 s\u1ec9 t\u1ed1t nh\u1ea5t.<\/p>\n<p>\ud83d\udcde <b data-path-to-node=\"18\" data-index-in-node=\"161\">Hotline\/Zalo: 0944 36 79 38<\/b><\/p>\n","protected":false},"excerpt":{"rendered":"<p data-path-to-node=\"21,0\"><b data-path-to-node=\"21,0\" data-index-in-node=\"0\">Gia c\u00f4ng Canxi Bo \u2013 B\u00ed quy\u1ebft ch\u1ed1ng r\u1ee5ng sinh l\u00fd, h\u1ea1n ch\u1ebf n\u1ee9t tr\u00e1i v\u00e0 gi\u00fap tr\u00e1i s\u00e1ng b\u00f3ng, n\u1eb7ng k\u00fd.<\/b><\/p>\n<p data-path-to-node=\"21,0\">Nh\u1eadn l\u00e0m nh\u00e3n ri\u00eang tr\u1ecdn g\u00f3i: Gi\u00e1 t\u1eadn x\u01b0\u1edfng, \u0111\u1ea7y \u0111\u1ee7 ph\u00e1p l\u00fd, thi\u1ebft k\u1ebf theo y\u00eau c\u1ea7u.<\/p>\n<p data-path-to-node=\"21,0\">Gi\u1ea3i ph\u00e1p b\u1ea3o v\u1ec7 n\u0103ng su\u1ea5t t\u1ed1i \u01b0u cho m\u1ecdi lo\u1ea1i c\u00e2y tr\u1ed3ng. Li\u00ean h\u1ec7 ngay!<\/p>\n","protected":false},"featured_media":1273,"comment_status":"open","ping_status":"closed","template":"","meta":[],"product_brand":[83],"product_cat":[75],"product_tag":[143,119,122,142,128,108,96,113,112,118,121,114,116,130,115,101,117,100,98,106,105,120,127,102,129,88,89,80,81,78,79,85,87],"class_list":{"0":"post-1270","1":"product","2":"type-product","3":"status-publish","4":"has-post-thumbnail","6":"product_brand-vinhkhang","7":"product_cat-phan-bon","8":"product_tag-canxibokem","9":"product_tag-cayantrai","10":"product_tag-caycongnghiep","11":"product_tag-chongrungsinhly","12":"product_tag-chongrungtrai","13":"product_tag-dinhduongcaytrong","14":"product_tag-giacongnhanrieng","15":"product_tag-khoinghiepphanbon","16":"product_tag-lamnhanrieng","17":"product_tag-lamvuon","18":"product_tag-lua","19":"product_tag-nguonhangphanbon","20":"product_tag-nongnghiepbenvung","21":"product_tag-nongnghiepcongnghecao","22":"product_tag-nongnghiepsach","23":"product_tag-nuoitrai","24":"product_tag-organicfertilizer","25":"product_tag-phanboncayantrai","26":"product_tag-phanbongiasi","27":"product_tag-phanbonhuuco","28":"product_tag-phanbonsaurieng","29":"product_tag-saurieng","30":"product_tag-sieudautrai","31":"product_tag-tangdautrai","32":"product_tag-vinhkhang","33":"product_tag-canxibo","34":"product_tag-chongrung","35":"product_tag-giacongphanbon","36":"product_tag-phanbon","37":"product_tag-phanbonla","38":"product_tag-phanbonviluong","39":"product_tag-san-pham-chong-rung-hoa-trai-non","40":"product_tag-tang-bong-dep-cho-qua","42":"first","43":"instock","44":"shipping-taxable","45":"product-type-simple"},"_links":{"self":[{"href":"https:\/\/phanbonvinhkhang.com\/index.php\/wp-json\/wp\/v2\/product\/1270","targetHints":{"allow":["GET"]}}],"collection":[{"href":"https:\/\/phanbonvinhkhang.com\/index.php\/wp-json\/wp\/v2\/product"}],"about":[{"href":"https:\/\/phanbonvinhkhang.com\/index.php\/wp-json\/wp\/v2\/types\/product"}],"replies":[{"embeddable":true,"href":"https:\/\/phanbonvinhkhang.com\/index.php\/wp-json\/wp\/v2\/comments?post=1270"}],"version-history":[{"count":2,"href":"https:\/\/phanbonvinhkhang.com\/index.php\/wp-json\/wp\/v2\/product\/1270\/revisions"}],"predecessor-version":[{"id":1277,"href":"https:\/\/phanbonvinhkhang.com\/index.php\/wp-json\/wp\/v2\/product\/1270\/revisions\/1277"}],"wp:featuredmedia":[{"embeddable":true,"href":"https:\/\/phanbonvinhkhang.com\/index.php\/wp-json\/wp\/v2\/media\/1273"}],"wp:attachment":[{"href":"https:\/\/phanbonvinhkhang.com\/index.php\/wp-json\/wp\/v2\/media?parent=1270"}],"wp:term":[{"taxonomy":"product_brand","embeddable":true,"href":"https:\/\/phanbonvinhkhang.com\/index.php\/wp-json\/wp\/v2\/product_brand?post=1270"},{"taxonomy":"product_cat","embeddable":true,"href":"https:\/\/phanbonvinhkhang.com\/index.php\/wp-json\/wp\/v2\/product_cat?post=1270"},{"taxonomy":"product_tag","embeddable":true,"href":"https:\/\/phanbonvinhkhang.com\/index.php\/wp-json\/wp\/v2\/product_tag?post=1270"}],"curies":[{"name":"wp","href":"https:\/\/api.w.org\/{rel}","templated":true}]}}